5215. Is s a prime number?
False
Suppose -36 = -7*w - 15. Suppose 5*z - 2*s = w*s + 7865, -3*s = z - 1557. Suppose 5*i = z - 284. Is i prime?
True
Is (-1 + -1 + (-10)/(-4))/((-121)/(-147657994)) prime?
True
Let k(o) = -o**3 - 19*o**2 + 11. Let x be k(-19). Suppose 4*j - 844485 = -x*j. Is j a composite number?
False
Suppose 0 = -14*a - 22 - 34. Is (6822 + a)*10/20 a composite number?
True
Let x be (-1)/(3/9)*(-59987480)/(-84). Is (-30)/(-55) - x/110 composite?
False
Suppose -t + 326 = 4*n - 33, 1104 = 3*t + 3*n. Let y = -195 + t. Suppose 2*w - 986 = 4*j, w + 3*j - 297 = y. Is w a composite number?
True
Let c = -518 - -527. Let d(g) = 2*g**2 + 12*g + 15 - 4 + g**3 - g**2. Is d(c) a composite number?
False
Suppose 2*m - 49 = -13. Let a be (m/(-30))/((-1)/1655). Let d = 68 + a. Is d composite?
False
Let m = -73 + 66. Let v be 166/7 + -1*2/m. Let w = v - -35. Is w prime?
True
Let g = 39 + -37. Suppose -g*z = -2*c + 6, 6*z = -2*c + 3*z - 19. Is ((-307)/c)/((-3)/(-6)) a composite number?
False
Suppose 16*v - 916646 - 293918 = 544908. Is v prime?
True
Let c = 2 - -2. Suppose -287*n + 300*n = 62881. Suppose -c*k + 2799 = -n. Is k composite?
True
Let f(j) = 2*j**2 - 5*j + 5. Let p be f(1). Suppose p*u = 1838 + 310. Let m = u + 223. Is m a composite number?
False
Let d = 3 - -1. Let j be (6/d)/(3/6). Suppose 1385 - 68 = j*a. Is a composite?
False
Is ((-1 - 0) + -2)/(27/1956726*-2) composite?
False
Let l be (-9102)/2 - (-36)/(-6). Is -3 - (2 - 1) - l a prime number?
False
Let d = 326394 + -142045. Is d a composite number?
True
Suppose 3*b + 45*b = 7370314 + 259622. Is b prime?
False
Let b be (-2112)/(-240)*(-85)/(-1). Suppose -l - b = -4*t, -3*t - 11*l + 16*l = -561. Is t prime?
False
Let l = 580169 - 337860. Is l a prime number?
True
Let x = 177 + -183. Is (x + 7)/((-2)/(-5878)) a prime number?
True
Suppose -2*r - 30*y + 29068 = -35*y, 5*r - 3*y = 72613. Is r a composite number?
False
Suppose 0 = -b + 3*h - 2*h - 6, 0 = -h + 1. Let j(w) = -73*w + 114. Is j(b) a composite number?
False
Suppose -38*l + 39*l - 4003 = 0. Suppose l - 634 = x. Suppose 3*d = m - 3*m + x, 0 = -5*d - m + 5608. Is d a composite number?
True
Suppose 8*d = -3*d + 22. Suppose 11*i - 15*i + 36798 = d*r, 5*r = 5. Is i a composite number?
False
Let j(w) = 1903*w**2 - 29*w - 487. Is j(-7) composite?
True
Suppose 2*s = -2*i + 41126, 2*i + 22*s - 41146 = 25*s. Is i composite?
True
Suppose -2*k + 5*f = -306358, -k + 66916 + 86315 = 4*f. Is k a composite number?
True
Let n(g) = 4*g**2 + g + 5. Let i be n(3). Suppose 3*u - 59 = -i. Let f(m) = 23*m**2 - 5*m - 9. Is f(u) prime?
True
Suppose 8028 = -9*b + 29187. Let p = -1462 + b. Is p composite?
True
Let i = -171 - -176. Suppose -2*t = 4*s - 5*t - 26027, -i*t = -3*s + 19534. Is s a composite number?
True
Suppose -4*n = -374*j + 373*j - 158402, -5*n - 3*j = -197977. Is n a composite number?
True
Let s(d) = d**3 - d + 293. Suppose 3*t + 12*u - 15*u = 93, 155 = 5*t + u. Let l = -31 + t. Is s(l) composite?
False
Suppose -68*b + 429657 + 505323 = 214928. Is b composite?
False
Let r = 21 - -12. Suppose r*x - 3633 = 3033. Is x prime?
False
Let b = -59310 + 148937. Is b prime?
True
Let c be 5/10 + 7/2. Suppose c*m = 2*n + 61764, 4*n + 71231 = 5*m - 5968. Is m a prime number?
True
Suppose -5*k = 4 + 281. Let y = k - -55. Is 5*4221/12 + y/(-8) prime?
True
Let w = -19036 + 40037. Is w a prime number?
True
Let m be 5/2*1*2. Is -134*(m - (-162)/(-12))/1 a prime number?
False
Let p(n) = -36*n + 40. Let m be p(-10). Let v be 8/(-2) - (0 - (1 + m)). Suppose -2*w - v = -h, -4*h = 2*w - 5*w - 1588. Is h a prime number?
True
Suppose -21*o + 80 = -23*o + 5*b, -o = 5*b + 40. Let n(x) = x. Let z be n(-10). Is (-7186)/z + (-16)/o composite?
False
Suppose 0 = 547*m - 368811057 - 234168376. Is m a prime number?
False
Let p(j) = 212*j**2 - 6*j - 4. Let o(m) = -211*m**2 + 5*m + 3. Let r(b) = -5*o(b) - 4*p(b). Let s be r(1). Let f = s - -194. Is f a prime number?
True
Let t = -57 - -67. Let j(s) = 63*s**3 - 53*s - 8 + 51*s + t. Is j(2) prime?
False
Let d(t) be the second derivative of 41*t**3/6 + 12*t**2 - 17*t. Let b be d(3). Suppose 0 = -h - b + 778. Is h a composite number?
False
Let u(q) = -5*q**3 - 8*q**2 - 8*q + 8. Let f be (167/(-15) - -2) + 24/180. Let k = f + 4. Is u(k) composite?
True
Suppose -3*j = 4*t - 6*j - 42965, 4*j = -t + 10765. Suppose 10 = -2*i, -g + 4*i - t = -6*g. Is g prime?
True
Suppose -636 - 393 = -21*k. Let z(c) = -148*c + 297*c + 11 + k*c**2 - 147*c. Is z(-3) a composite number?
True
Suppose -2*d + 8 = -4*a + 24, 2*a - 4 = -d. Let m(q) = 14*q + 0 + 25*q**2 + 8 + a + 3. Is m(7) composite?
True
Let s(r) = -11*r**3 - 3*r**2 - 12*r - 80. Let g be s(-9). Is g/2 + (13 - 8) prime?
True
Let d(s) = s - 10. Let j be d(10). Suppose j = -r + g + 3*g - 6, -5*r = -5*g. Is ((-6)/(-4) - r)*(-3184)/8 composite?
False
Suppose 4*g - 5*g = -2*p + 1207, 3*g - 5*p + 3623 = 0. Let x = g + 1770. Is x a composite number?
True
Suppose 422568 = 17*b - 61694. Is b composite?
True
Let s(j) = 4052*j**2 - 67*j - 60. Is s(13) a prime number?
True
Let w(s) = 1448*s - 9. Let r be -1*-2*5*(-2)/(-4). Is w(r) a composite number?
True
Suppose -4*a - 75 = -91. Suppose -r - 183 = -5*z, 5*r = 6 + a. Is z prime?
True
Let y(z) = 4*z**2 - 20*z + 38. Let n be y(14). Suppose -i - 4*w + n + 1007 = 0, -4*i + 5*w = -6154. Is i composite?
True
Let t be (-2 - 3)*(0 - (-81)/(-15)). Suppose 4*g + 31*b - 8780 = t*b, -b - 10969 = -5*g. Is g a composite number?
True
Let i(l) = l - 13. Let m be i(5). Let o be (18885/30)/((-2)/m). Is 2*(o/4 + 0) composite?
False
Let b(w) = 169*w**2 - 35*w + 3793. Is b(66) a composite number?
True
Let h = 2292 + -3209. Let b = -2066 - h. Let m = -340 - b. Is m a prime number?
True
Let a(c) = -54*c - 71*c - 42 - 11*c - 112*c. Let r be a(-21). Let t = r - 3085. Is t prime?
True
Let c = -290 + 580. Let i(j) = -j**3 - 6*j**2 - 4*j + 11. Let s be i(-5). Suppose c = s*b - b. Is b prime?
False
Let f = 488923 - -261994. Is f a composite number?
False
Suppose -192227 = -5*x + 96328. Is x composite?
True
Suppose -127*k + 2935089 = -1602494. Is k composite?
False
Let f(l) = 17*l - 26. Let x(i) = 52*i - 74. Let z(h) = -17*f(h) + 6*x(h). Is z(9) a prime number?
False
Suppose -5*b + 1070 = 3*d - 583, 2*b - 665 = -5*d. Suppose -4*g + b + 138 = 0. Let w = 214 - g. Is w composite?
False
Let i be -11 - ((-4)/6)/((-4)/(-6)). Let y be (-15)/25 - 276/i. Is (556 + 0)/(54/y) a composite number?
True
Let t = -72607 + 234230. Suppose -156847 - t = -10*s. Is s a prime number?
True
Let x(f) = -13 - 4*f - 4 - 19 + 9*f. Suppose -4*i + 89 = -g, 4*i - 5*g - 109 = -0*g. Is x(i) a prime number?
False
Let a = -1019451 - -1937296. Is a a composite number?
True
Suppose 2*d + z = 43400, 44*d + 86812 = 48*d - 4*z. Is d composite?
False
Let r(k) = 12341*k - 1417. Is r(6) a composite number?
True
Let u(x) = -7*x - 16. Let l be u(-3). Suppose 5*f = l*s - 2710, -1084 = -s - s - 4*f. Suppose 3*y - 545 = 4*v + 270, 2*y = 2*v + s. Is y composite?
False
Suppose 6*y + 32*y = 4975226. Is y a composite number?
False
Suppose -5*q = 2*y - 2816565 - 280788, 2*y = -2. Is q composite?
False
Suppose 23*r + 28*r - 3737350 = r. Is r a composite number?
False
Let o = -1571 - -2451. Suppose -2*p + 4*w = -5654, -o = -p + 5*w + 1959. Is p composite?
False
Let q(j) = 25990*j**2 - j + 3. Let a be q(2). Suppose -a - 35514 = -25*g. Is g composite?
True
Is ((-23)/((-253)/22))/(247580/(-123791) - -2) a composite number?
False
Let z(b) = -145*b + 1501. Is z(-94) a prime number?
True
Let u be 2946*(3 + -2) - -2 - -4. Suppose u = -7*m + 44539. Is m composite?
True
Suppose -41*m - 718095 = -6*m. Let l = m + 36770. Is l a prime number?
True
Suppose -9 = -w - 5*p + 5, 0 = -2*p + 4. Suppose y = w, 0 = 7*x - 3*x - 5*y - 4. Suppose -x*f = 4*k - f - 11454, -4*f = 2*k - 5730. Is k composite?
False
Let t be (5 + (-22)/4)*-18. Let c(f) = -8*f**3 - 1. Let z be c(1). Is 6/t - 1461/z a prime number?
True
Let w be (-20 + 0)*((-42)/(-24))/(-7). Suppose o - 14971 = 5*g, 0 = -w*o - 9*g + 5*g + 74855. Is o a prime number?
False
Suppose f - 975 = 480. Let d = 3296 - f. Is d composite?
True
Is (-1 + 0 - -3 - -2) + 0 + 40453 prime?
False
Suppose -720 = 21*q - 9*q. Let y = q - -267. Suppose -3*p - 4*d = -619, d = p + 2*d - y. Is p composite?
True
Let o be